uate -4 - ((0 - -6) + -4).
-6
Evaluate 13 + -16 - (-4 - 1).
2
Calculate (-1 - 1) + (2 - -1) - 2.
-1
Calculate 2 + (8 + -10 + -4 - 4).
-8
Evaluate 2 - (5 + (0 - 7)).
4
-8 + (-94 - -86 - (0 - 5))
-11
(3 - (-6 + 1)) + -3
5
1 + -5 + -2 + -26 + 35
3
Calculate -8 + 2 + (6 - 4).
-4
What is the value of -1 + 2 - (57 - 55)?
-1
Calculate 7 - 4 - (-2 - -1).
4
3 - 3 - (8 + (1 - 17))
8
Calculate 17 - (6 + 4) - (10 - 0).
-3
(-6 - (-2 + 8)) + (4 - -1)
-7
What is 1 + -12 - (105 + -111)?
-5
(14 - 7) + -3 - 4
0
Evaluate -6 + (-3 - -6) + 6 - 2.
1
Evaluate -5 - -1 - (-2 + (2 - 0)).
-4
Evaluate 1 - (-1 - 1) - (-2 + 2).
3
(-18 - -6 - (-12 - -6)) + 9
3
What is the value of 5 + (8 - 5) + -4?
4
-1 - (-4 + (-2 - -8))
-3
Evaluate -4 + (5 - -2) + (-1 - 7).
-5
What is the value of -6 + (1 - (1 + -6)) + -6?
-6
What is (-2 - (-4 + 4)) + 6?
4
Calculate 4 - ((-1 - -4) + -2) - 5.
-2
What is the value of 1 - (2 - 2 - (4 - 5))?
0
Calculate -9 - (-5 + (-2 - -2)).
-4
Evaluate 1 - 10 - (1 + 9 + -13).
-6
Evaluate -11 - (3 + -9 + 0).
-5
What is -4 + -3 + (12 - (3 - 3))?
5
What is the value of 1 - (-5 + (-2 - -9) + -2)?
1
2 - (48 + -53 - (-8 + -1))
-2
What is the value of -11 + (-6 + 0 - -1 - -11)?
-5
Calculate (-2 - -6) + 2 + -3.
3
What is the value of -16 + 19 - (6 - (2 - 0))?
-1
Calculate 1 + (3 - (5 + 1 - 1)).
-1
What is 1 + 2 - ((4 - 5) + 2)?
2
Evaluate -1 - -4 - (-5 + 1) - 3.
4
(29 - 31) + (0 - 2) + 0
-4
What is (-23 - -25) + (-1 - 4) + -7?
-10
Evaluate -3 + 5 + -4 + -1 + 6.
3
Calculate 8 + (0 - 7 - 6).
-5
What is the value of -44 + 37 + -1 + 4?
-4
(1 - (2 - 1)) + -2
-2
What is -1 - 3 - (33 - 34)?
-3
Evaluate (-4 - (0 + -3)) + 2.
1
(-2 - -8) + (-5 - (-4 + 2))
3
-1 + (5 - 0) + -9
-5
What is -30 + 16 + (6 - 0)?
-8
What is 1 - 0 - (6 + -7)?
2
2 + 1 + (-3 + 7 - 4)
3
Calculate -12 + (1 + -3 - -7).
-7
What is the value of 2 + -3 - ((5 - 3) + -4)?
1
Calculate 4 - (10 - (0 - -5) - -4).
-5
Calculate 3 + 3 + -6 - 2.
-2
Evaluate 4 - (1 + -4 + 7) - 4.
-4
Calculate -3 + (-4 + 7 - (-4 + 0)).
4
What is the value of 1 - (-4 - (-8 + 0 - 1))?
-4
What is the value of 2 - -2 - (2 + 1 + -1)?
2
(65 - 60) + -5 + 1
1
0 + 2 + (0 - 3) + -4
-5
What is the value of -7 + (-8 - -12 - 7)?
-10
6 + (8 - 20) - -7
1
What is 5 - (-11 + -7 + 3 + 10)?
10
What is 1 + (11 - 15) + 7?
4
What is 6 + -3 - 1 - 1?
1
What is the value of 0 + (3 - 4) + 3?
2
Evaluate (-13 - -15) + (2 - 2) - 2.
0
What is the value of -8 + (2 - -1) + 9 + -8?
-4
Calculate 3 - ((4 - 3) + -2).
4
-5 + 2 + 20 + -13
4
What is the value of 0 - (7 + (-2 - 1) + -4)?
0
Evaluate -2 + -3 + 10 + 0.
5
Calculate 25 + -30 - (1 - 6).
0
Calculate -10 - (9 + -13) - -12.
6
2 + -2 + (-3 - -1) - -2
0
What is -2 + (-2 - -6) + 0 - 9?
-7
What is -1 + 2 + (5 - 3)?
3
Calculate 4 + 2 + (6 - (16 + -8)).
4
Calculate 6 + (-4 - (0 - -1)).
1
What is 14 + -5 + -14 - -10?
5
Evaluate (-2 - (0 - -1)) + (0 - -7).
4
(-3 - (1 + -8)) + -4
0
What is (9 - (3 + -2)) + -50 + 51?
9
What is 5 + -3 + -1 + 6 - 2?
5
Evaluate 1 - (-2 - 0 - -6).
-3
What is the value of (3 - 0) + 12 + -10?
5
What is (9 - 4) + -8 - 1 - -7?
3
Evaluate 0 - (-4 + 3 + 10 + -6).
-3
What is the value of 0 + 4 + 0 + -7?
-3
What is 2 + (1 - 3) - 3?
-3
What is 2 + -9 + 12 - (8 - -1)?
-4
Evaluate 7 - (0 + 1) - 4.
2
Evaluate 1 - (-1 + (9 - 3) - 3).
-1
Evaluate 0 + -4 + 5 + 3 + -3.
1
Evaluate (5 + -1 - (38 - 37)) + -6.
-3
(6 - 4) + 1 + -6
-3
Calculate 2 - ((2 - 1) + 2).
-1
What is the value of 3 - ((2 - -4) + -6)?
3
What is the value of -9 + 2 - -4 - (2 - -1)?
-6
-3 + 6 + 1 - 2
2
Evaluate 5 + (-2 - (-4 - -8)).
-1
Evaluate 2 + -1 - (-5 - -11).
-5
What is the value of (2 - 1) + -1 - (77 + -84)?
7
What is 13 - (12 - (-2 + 7))?
6
Evaluate (-1 - 3) + 5 + -5.
-4
Calculate (-8 - 2) + 5 + 0 - -4.
-1
Calculate (5 - -2) + 7 + -22 + 3.
-5
Calculate -2 + -2 + (2 - -2) - 3.
-3
What is the value of -7 + 6 + -3 + 1?
-3
Calculate 14 - (9 - 0) - (2 + -3).
6
Evaluate 0 - (-3 + 4 + 0 - 2).
1
Evaluate -2 + (-1 - 0 - -8).
5
Calculate 10 + -11 + 5 + (0 - -2).
6
(4 - (-9 - -24)) + 20
9
-4 + 3 + (7 - (3 + 0))
3
What is (-3 - -3) + (7 - 3) + 1?
5
Evaluate 2 - (1 + 1) - (91 + -87).
-4
Calculate 3 - (0 - -6) - -1.
-2
Evaluate 2 + 1 + -1 + 2.
4
Calculate -3 + 3 - -1 - (2 + 2).
-3
(2 - 1) + (32 - 34)
-1
Calculate 6 + 4 + -8 + 1.
3
Calculate 7 + (0 + -6 - 7).
-6
What is (85 - 87) + (-5 - -1)?
-6
What is -5 + 5 - (-2 + 3)?
-1
1 - (1 - -5 - 1)
-4
Calculate -2 - -2 - (6 + -3).
-3
Calculate 2 - (0 - 0) - -1.
3
What is 3 - ((-6 - -5) + 3)?
1
Calculate (19 - 19) + 3 + 1 + -1.
3
What is -1 - (-1 + 4 + -4) - 4?
-4
Calculate -1 + (-2 - -2) - -6.
5
Evaluate (-3 + 5 - 2) + 4.
4
What is the value of (-3 - 7) + (-20 - -38)?
8
Evaluate 1 - (-5 - (-8 - -3 - -5)).
6
Evaluate (8 - (-6 - -24)) + 9.
-1
What is the value of (51 - 57) + 0 + (-3 - 1)?
-10
Calculate 2 + (0 - 12) + 8.
-2
-7 - (-5 + (-2 - -3))
-3
What is the value of (-4 + 9 - 9) + -1?
-5
What is the value of -4 - (-6 - -5 - 2)?
-1
(4 - 3) + -14 + 7
-6
What is 0 - (-22 - -22 - (1 - -2))?
3
Evaluate 8 - (14 + -9 + 1).
2
What is the value of (0 - 0) + -1 + 3 - 1?
1
What is 5 + -4 + -1 - (0 + 0)?
0
Evaluate (4 + -1 + 3 - 4) + -6.
-4
What is the value of 5 - ((-15 - -11) + 12 + 2)?
-5
What is 39 + -43 - (0 - (6 + 0))?
2
Evaluate -20 + 17 - (0 - 3 - 1).
1
Calculate (-1 - 5) + (20 - 14) - -1.
1
Evaluate -7 - -28 - 5 - 9.
7
What is 13 - (6 - (-5 + 2))?
4
-1 + 3 + -3 + 6
5
What is 5 + (3 - (9 - -4))?
-5
Evaluate (23 - 26) + (4 - -1).
2
6 - (1 - (6 - 5))
6
Evaluate 0 - (-7 + (4 - 0 - 1)).
4
-8 - (0 - (2 - -1))
-5
What is -3 + 3 - (9 - 17)?
8
8 + (-22 - -13 - (8 - 1))
-8
Calculate -3 - (-2 + 4 + (-29 - -25)).
-1
Calculate (2 - (4 + -10)) + -8.
0
What is 2 - (6 - 2) - (12 + -14)?
0
What is 1 + 0 - (7 - 6 - -2)?
-2
Evaluate 6 + -4 - (-5 + 10).
-3
What is the value of 4 + (3 - (1 - -2) - 2)?
2
What is 3 + 1 + 2 - 5?
1
What is (-6 - -15) + -19 + 10?
0
Evaluate (1 - 1) + 2 + 0.
2
Calculate (5 - (-4 + 5)) + -5.
-1
What is 5 + -10 + 22 - 11?
6
Evaluate -3 - (3 + 1 - 4) - -1.
-2
What is 0 + -1 + 3 + -9 - -2?
-5
What is (0 - 1) + (-20 - -18)?
-3
What is 4 - 6 - (0 - (-2 - -4))?
0
What is the value of -13 + 25 - 17 - -9?
4
What is -5 + -4 + 7 + -1?
-3
(-1 - (6 - 3)) + 1 - -1
-2
Calculate -6 + (12 - 9) - -4.
1
What is 6 - (10 - 3) - -3?
2
Calculate -14 + 16 + -10 + -2.
-10
5 + 5 + 8 + -9
9
What is the value of (8 - 18 - -4) + (5 - 2)?
-3
What is -2 + 3 + 0 - 3 - 3?
-5
Evaluate 1 + (-7 - -4) + 0.
-2
Calculate (-1 - 3 - 0) + -9 + 12.
-1
Evaluate 2 + -5 + (0 - -5).
2
What is -3 + (-5 + 0 - 0) + 13?
5
-4 + -2 - (-3 + 0 + 1)
-4
Evaluate 3 - (12 - (4 - -1)).
-4
0 + 2 + 2 + 0 - -1
5
Calculate (-24 - -26) + (1 - 0) - 0.
3
Calculate (-6 - 2 - 3) + (-5 - -7).
-9
What is the value of (-1 - -5 - (-6 - -10)) + -1?
-1
Evaluate -9 + (-3 - -1) - (-29 + 24).
-6
What is the value of -3 + 10 - (4 - (4 + -6))?
1
What is (4 - (7 - -1)) + (2 - 1)?
-3
Calculate -5 - -9 - (2 + 0).
2
Calculate -1 - 0 - (3 + (-1 - -1)).
-4
(5 - 14) + (1 - 0)
-8
Evaluate 0 - ((-1 - 17) + 15).
3
Evaluate 4 + -11 + 6 + 0 + 3.
2
Calculate -24 + 20 + 4 + 5.
5
16 - 5 - (25 - 10)
-4
What is the value of (-317 - -325) + 1 + (0 - 0)?
9
What is -25 - -29 - (0 - -4) - 2?
-2
What is the value of (7 + 3 - 8) + -3?
-1
What is 15 - 13 - (3 + -3)?
2
-24 + 24 + (0 - -4)
4
What is the value of 11 + (-5 - -5) + -6?
5
4 + 5 + 1 - 5
5
-1 + (3 - 4) - -5
3
What is (-4 - 6) + (3 - -4)?
-3
(8 - 2) + -5 + (0 - 1)
0
Calculate (-3 - -3 - -3) + (-4 - 1).
-2
(-7 + (-1 - -4) - -9) + -5
0
What is the value of (2 - 1) + -7 + (152 - 136)?
10
3 - ((-4 - -5) + -2)
4
Evaluate -6 - (-3 - (-2 + 0)).
-5
Evaluate -1 - (5 + -1) - (32 - 36).
-1
34 - 25 - (3 - -1)
5
What is (-3 - -2) + (-29 - -22)?
-8
Calculate -7 + (3 + -2 - -5).
-1
1 + (-1 - 0) + (678 - 676)
2
Calculate 1 + 2 + -1 + -5 + 6.
3
What is -47 + 47 - (-2 + 4 + 6)?
-8
1 + (6 - -1) - -1
9
What is -3 + 4 + (16 - 12)?
5
-6 + -3 - (-27 - -20)
-2
Calculate 2 + -11 + (-2 - -20).
9
(0 + -1 - 3) + 1 + -5
-8
What is -5 + (-1 - -13) - (-2 - -10)?
-1
What is the value of 9 - (6 + -7 + 5) - -2?
7
What is 2 + (2 + -3 + -3 - -1)?
-1
Evaluate (-6 - -4) + 7 + 2 + -15.
-8
-12 - (-27 - 1 - -11)
5
(18 - 26) + (7 - -1)
0
What is the value of (4 + -12 - 0) + -4 + 5?
-7
Calculate -3 + 8 + (9 - 4) + -3.
7
Calculate (1 - 2 - -5) + -49 + 48.
3
What is the value of -5 + -7 + -10